hat is -3 + 4325?
4322
In base 8, what is -4 + -113?
-117
In base 9, what is -1 + 8206?
8205
In base 3, what is -2001 - 1?
-2002
In base 11, what is 6 - 284?
-279
In base 4, what is 3 + 1010?
1013
In base 10, what is -2905 - -4?
-2901
In base 12, what is -5 - -20?
17
In base 9, what is 24 + 5?
30
In base 3, what is -110 + 212202?
212022
In base 4, what is 11 + -120323?
-120312
In base 6, what is 4 + -105?
-101
In base 2, what is -1 - -11110?
11101
In base 14, what is -57 + -1?
-58
In base 4, what is -10010130 - -2?
-10010122
In base 11, what is 22 + 8?
2a
In base 4, what is 21 + 110120?
110201
In base 2, what is 1110101 - 101001?
1001100
In base 10, what is 1523 + 5?
1528
In base 15, what is -1 + -536?
-537
In base 14, what is -3 + 20?
1b
In base 15, what is -6d9 - 8?
-6e2
In base 13, what is 37a - -4?
381
In base 7, what is -21 + 20?
-1
In base 14, what is 40 - 9?
35
In base 2, what is 101 + -100100001110?
-100100001001
In base 4, what is -11 + 30202?
30131
In base 3, what is 11 + -102011?
-102000
In base 9, what is -12502 - 3?
-12505
In base 9, what is 4 + -346?
-342
In base 12, what is -3 - -4?
1
In base 5, what is 1223 - 0?
1223
In base 10, what is -15 - -33?
18
In base 7, what is -4 + -22?
-26
In base 14, what is 2 + b87?
b89
In base 8, what is -751 + 4?
-745
In base 13, what is 0 + -241?
-241
In base 5, what is 10 + -12000?
-11440
In base 3, what is -10 - 12020211?
-12020221
In base 12, what is 15 + 0?
15
In base 12, what is 40 + -1?
3b
In base 16, what is -946 + 0?
-946
In base 11, what is -4 - 73?
-77
In base 6, what is -4 - -205?
201
In base 3, what is 202 - 2102?
-1200
In base 11, what is -4 - 398?
-3a1
In base 6, what is 203 - 24?
135
In base 16, what is 12 - 2a?
-18
In base 16, what is -1 - 1?
-2
In base 16, what is 16d - -2?
16f
In base 16, what is -123 - 34?
-157
In base 16, what is -61 + 1?
-60
In base 5, what is -303 + -1211?
-2014
In base 14, what is -3d + 3?
-3a
In base 15, what is -21e - -2?
-21c
In base 5, what is 30241 + 10?
30301
In base 15, what is -7 - 28?
-30
In base 14, what is 1 + -36?
-35
In base 16, what is 5 - -4de?
4e3
In base 8, what is 70 + 5?
75
In base 5, what is -3 + -131?
-134
In base 16, what is 6b7 - 1?
6b6
In base 13, what is 1 - 1bb?
-1ba
In base 11, what is 8 + -3?
5
In base 13, what is 6a + -27?
43
In base 5, what is 140 + 0?
140
In base 15, what is -200 + -3?
-203
In base 5, what is 10012 - 4?
10003
In base 14, what is -54 + -4?
-58
In base 13, what is 3 + 9b?
a1
In base 11, what is 94 - 1?
93
In base 4, what is 1 - 3200?
-3133
In base 7, what is -1 + 210?
206
In base 10, what is -3 + -657?
-660
In base 9, what is -2 - -175?
173
In base 3, what is 1 - -2110?
2111
In base 10, what is -466 + 2?
-464
In base 14, what is -4 + 160?
15a
In base 9, what is -5485 + -5?
-5501
In base 15, what is -4 + -c?
-11
In base 7, what is -45 - -6?
-36
In base 5, what is 3332 + 2?
3334
In base 12, what is -158 - -6?
-152
In base 13, what is -22 + -a?
-2c
In base 11, what is -2342 - 0?
-2342
In base 12, what is -1212 - 3?
-1215
In base 4, what is -2 + -1230?
-1232
In base 7, what is 0 - -323?
323
In base 11, what is 5 + -30?
-26
In base 12, what is 2 + 132?
134
In base 6, what is -15 + 11?
-4
In base 4, what is -1 - -1023?
1022
In base 15, what is 69c + -2?
69a
In base 8, what is -546 + 7?
-537
In base 5, what is 4 - -343?
402
In base 2, what is 11100 - -10010?
101110
In base 6, what is 502 - 20?
442
In base 2, what is -110111 - -10?
-110101
In base 7, what is -206 + -6?
-215
In base 5, what is 412 + -42?
320
In base 5, what is -10 - 203?
-213
In base 15, what is -2 - 29?
-2b
In base 6, what is 10 + 200?
210
In base 12, what is -5 - 2?
-7
In base 8, what is 43 - 14?
27
In base 12, what is 3 - 24a1?
-249a
In base 2, what is -10100 - -1010100?
1000000
In base 11, what is -2635 - -4?
-2631
In base 8, what is 7 - -26?
35
In base 2, what is 11 + -101000?
-100101
In base 16, what is 35 - 9?
2c
In base 9, what is -27755 + -5?
-27761
In base 14, what is 2 - -5b?
5d
In base 9, what is 1 + 106?
107
In base 9, what is 210 - -4?
214
In base 10, what is 8 + -26?
-18
In base 10, what is -21 + 173?
152
In base 9, what is 35 - -8?
44
In base 11, what is 4 + -410?
-407
In base 9, what is 6 + -558?
-552
In base 3, what is 100 + 1202022?
1202122
In base 14, what is 1 + -6db?
-6da
In base 6, what is 301 + 210?
511
In base 6, what is -5454 - 2?
-5500
In base 2, what is -10010110 - -10100?
-10000010
In base 3, what is 0 + -121122?
-121122
In base 12, what is -1 - 703?
-704
In base 7, what is 2 - -6?
11
In base 10, what is -2 - 3952?
-3954
In base 6, what is 2122 + -1?
2121
In base 2, what is 11011 + 10010?
101101
In base 3, what is 2 + 1011?
1020
In base 4, what is 3 + 33?
102
In base 16, what is -3 + -415?
-418
In base 14, what is 5 + -2c3?
-2bc
In base 12, what is 3 + 6?
9
In base 14, what is -5 + 6b?
66
In base 2, what is -10001111000 + -10?
-10001111010
In base 6, what is 5215 + 2?
5221
In base 13, what is -2 - 93?
-95
In base 7, what is -105 + -2?
-110
In base 13, what is 2 - 17a6?
-17a4
In base 3, what is 20 + 1012?
1102
In base 7, what is -44 + 30?
-14
In base 8, what is 4 - 52?
-46
In base 4, what is 1 + 1300?
1301
In base 13, what is -1 - 221?
-222
In base 11, what is 3 - -62?
65
In base 4, what is 32 + 1?
33
In base 5, what is 13 - -2031?
2044
In base 5, what is 10 + -11320?
-11310
In base 9, what is -15 + -637?
-653
In base 13, what is -3 + 233?
230
In base 13, what is -53c + -2?
-541
In base 3, what is -222 + 10?
-212
In base 6, what is -2 + 43?
41
In base 12, what is -5 - -1?
-4
In base 9, what is -7 + -572?
-580
In base 8, what is 0 + 20?
20
In base 13, what is 3 - 31a?
-317
In base 9, what is -1021 + -3?
-1024
In base 7, what is -6 + -243?
-252
In base 4, what is -13321033 + 0?
-13321033
In base 4, what is -1312 - -2?
-1310
In base 13, what is -79 + -2?
-7b
In base 13, what is -17 + -15?
-2c
In base 2, what is 101000100 + 11?
101000111
In base 16, what is -6 + -15cf?
-15d5
In base 16, what is 4 + -1ad?
-1a9
In base 6, what is 151 + 4?
155
In base 3, what is 12 - 2222212?
-2222200
In base 13, what is 7435 - -2?
7437
In base 15, what is -4 - -45c?
458
In base 16, what is 4d4 + 7?
4db
In base 7, what is 110024 + -3?
110021
In base 5, what is -10 - 211?
-221
In base 8, what is 2 + 70?
72
In base 2, what is -1 + -1101?
-1110
In base 16, what is -3 + -115f?
-1162
In base 7, what is -321 - 0?
-321
In base 11, what is 30 + -10?
20
In base 2, what is 10111 - -1011?
100010
In base 5, what is -1 - -3414?
3413
In base 14, what is 9a - -2?
9c
In base 12, what is 16 + 11?
27
In base 5, what is -2340 + 1?
-2334
In base 6, what is -355 + -1?
-400
In base 3, what is 0 - -1000?
1000
In base 4, what is -31 - 1220?
-1311
In base 12, what is -3 - -13a3?
13a0
In base 10, what is -20 - -41?
21
In base 15, what is -3 + -46b?
-46e
In base 9, what is 5 + 16?
22
In base 9, what is -1037 + 10?
-1027
In base 11, what is 0 + -4?
-4
In base 7, what is -353 + -6?
-362
In base 11, what is 2 - 10?
-9
In base 7, what is 0 - -2126?
2126
In base 16, what is -bf + 3?
-bc
In base 9, what is -71 - -27?
-43
In base 7, what is -3 + -10236?
-10242
In base 15, what is -1c + -9?
-26
In base 11, what is 461 + 1?
462
In base 16, what is -2ef + -11?
-300
In base 9, what is -3 - -4117?
4114
In base 13, what is -12 + -2?
-14
In base 16, what is -1420 + 1?
-141f
In base 2, what is -11 + 10100011011?
10100011000
In base 10, what is -145 - -1?
-144
In base 6, what is -5 - 53?
-102
In base 3, what is 1020 - 202?
111
In base 11, what is 1932 + -5?
1928
In base 11, what is -54 + -1?
-55
In base 7, what is -533 - 10?
-543
In base 15, what is -5 - 16?
-1b
In base 3, what is -200 + -11011?
-11211
In base 10, what is 49 - -5?
54
In base 10, what is 2687 - 6?
2681
In base 8, what is -5 + -4170?
-4175
In base 13, what is 18 + a?
25
In base 9, what is -62 + -5?
-67
In base 10, what is -172 - 2?
-174
In base 14, what is -1 - 1668?
-1669
In base 9, what is -1 + -113?
-114
In base 14, what is 63 + 4?
67
In base 11, what is 4 - -58?
61
In base 14, what is -1577 - 2?
-1579
In base 10, what is -37 + 162?
125
In base 7, what is -120 + 56?
-31
In base 5, what is -43 - 311?
-404
In base 5, what is -33 + 100?
12
In base 8, what is -35 + 733?
676
In base 7, what is -4451 + 0?
-4451
In base 15, wh